{"id":68,"date":"2026-02-08T22:03:40","date_gmt":"2026-02-08T22:03:40","guid":{"rendered":"https:\/\/vynil.mx\/?page_id=68"},"modified":"2026-02-08T22:43:19","modified_gmt":"2026-02-08T22:43:19","slug":"page-1","status":"publish","type":"page","link":"https:\/\/vynil.mx\/","title":{"rendered":"Page 1"},"content":{"rendered":"<div class=\"\" style=\"\" >\n    \n    <section class=\"u-clearfix u-section-2\" id=\"block-1\">\n      <div class=\"u-clearfix u-sheet u-valign-middle-xl u-sheet-1\">\n        <div class=\"data-layout-selected u-clearfix u-expanded-width u-layout-wrap u-layout-wrap-1\">\n          <div class=\"u-layout\">\n            <div class=\"u-layout-row\">\n              <div class=\"u-size-18 u-size-30-md\">\n                <div class=\"u-layout-row\">\n                  <div class=\"u-container-style u-hidden-sm u-hidden-xs u-layout-cell u-left-cell u-size-60 u-layout-cell-1\">\n                    <div class=\"u-container-layout\">\n                      <div class=\"u-black u-expanded-width u-shape u-shape-rectangle u-shape-1\"><\/div>\n                      <h1 class=\"u-heading-font u-text u-text-palette-4-base u-title u-text-1\">VYNIL<br>\n                      <\/h1>\n                      <h3 class=\"u-text u-text-2\">Vivimos la m\u00fasica como debe escucharse<\/h3>\n                    <\/div>\n                  <\/div>\n                <\/div>\n              <\/div>\n              <div class=\"u-size-12 u-size-30-md\">\n                <div class=\"u-layout-row\">\n                  <div class=\"u-align-right-sm u-align-right-xs u-black u-container-style u-layout-cell u-size-60 u-layout-cell-2\">\n                    <div class=\"u-container-layout\">\n                      <div class=\"u-border-19 u-border-palette-4-base u-line u-line-horizontal u-line-1\"><\/div>\n                      <img decoding=\"async\" class=\"u-expanded-width u-image u-image-1\" src=\"https:\/\/vynil.mx\/wp-content\/uploads\/2024\/06\/77de63d05c0fd19d161d3d34d0d861d3-6.png\">\n                    <\/div>\n                  <\/div>\n                <\/div>\n              <\/div>\n              <div class=\"u-size-30 u-size-60-md\">\n                <div class=\"u-layout-col\">\n                  <div class=\"u-container-style u-image u-layout-cell u-right-cell u-size-30 u-image-2\" data-image-width=\"1280\" data-image-height=\"853\" style=\"background-image: url(&quot;https:\/\/vynil.mx\/wp-content\/uploads\/2024\/06\/photo-1530288782965-fbad40327074.jpeg&quot;);\">\n                    <div class=\"u-container-layout\"><span class=\"u-icon u-icon-circle u-text-palette-4-base u-icon-1\"><svg class=\"u-svg-link\" preserveAspectRatio=\"xMidYMin slice\" viewBox=\"0 0 41.999 41.999\" style=\"undefined\"><use xlink:href=\"#svg-bcb5\"><\/use><\/svg><svg class=\"u-svg-content\" viewBox=\"0 0 41.999 41.999\" x=\"0px\" y=\"0px\" id=\"svg-bcb5\" style=\"enable-background:new 0 0 41.999 41.999;\"><path d=\"M36.068,20.176l-29-20C6.761-0.035,6.363-0.057,6.035,0.114C5.706,0.287,5.5,0.627,5.5,0.999v40  c0,0.372,0.206,0.713,0.535,0.886c0.146,0.076,0.306,0.114,0.465,0.114c0.199,0,0.397-0.06,0.568-0.177l29-20  c0.271-0.187,0.432-0.494,0.432-0.823S36.338,20.363,36.068,20.176z\"><\/path><\/svg><\/span><span class=\"u-icon u-icon-circle u-text-palette-4-base u-icon-2\"><svg class=\"u-svg-link\" preserveAspectRatio=\"xMidYMin slice\" viewBox=\"0 0 353.562 353.562\" style=\"undefined\"><use xlink:href=\"#svg-7192\"><\/use><\/svg><svg class=\"u-svg-content\" viewBox=\"0 0 353.562 353.562\" x=\"0px\" y=\"0px\" id=\"svg-7192\" style=\"enable-background:new 0 0 353.562 353.562;\"><g><g><g><path d=\"M41.064,353.562h109.014V0H41.064V353.562z\"><\/path>\n<\/g><g><path d=\"M203.482,0v353.562h109.017V0H203.482z\"><\/path>\n<\/g>\n<\/g>\n<\/g><\/svg><\/span>\n                    <\/div>\n                  <\/div>\n                  <div class=\"u-container-style u-layout-cell u-right-cell u-size-30 u-layout-cell-4\">\n                    <div class=\"u-container-layout\">\n                      <h4 class=\"u-text u-text-3\">Marzo\/Abril, 2026<\/h4>\n                      <h3 class=\"u-text u-text-4\">Ignacio Allende 916, Zona Centro Saltillo, Coahuila<\/h3>\n                      <p class=\"u-text u-text-5\">Donde el vinilo no es moda, es experiencia. <\/p>\n                      <div class=\"u-align-left u-border-19 u-border-black u-line u-line-horizontal u-line-2\"><\/div>\n                    <\/div>\n                  <\/div>\n                <\/div>\n              <\/div>\n            <\/div>\n          <\/div>\n        <\/div>\n      <\/div>\n    <\/section>\n    <section class=\"u-black u-clearfix u-section-3\" id=\"block-2\">\n      <div class=\"u-clearfix u-sheet u-sheet-1\">\n        <div class=\"data-layout-selected u-clearfix u-expanded-width u-gutter-20 u-layout-wrap u-layout-wrap-1\">\n          <div class=\"u-layout\">\n            <div class=\"u-layout-row\">\n              <div class=\"u-align-left u-container-align-left u-container-style u-image u-layout-cell u-left-cell u-size-30 u-image-1\" style=\"background-image: url(&quot;https:\/\/vynil.mx\/wp-content\/uploads\/2024\/06\/43f2213d3e8ac682d0f9ca85149a785b-1.jpeg&quot;);\">\n                <div class=\"u-container-layout\" src=\"\"><\/div>\n              <\/div>\n              <div class=\"u-align-left u-container-align-left u-container-style u-layout-cell u-right-cell u-size-30 u-layout-cell-2\">\n                <div class=\"u-container-layout u-container-layout-2\">\n                  <h2 class=\"u-text u-text-1\">PRE-<br>FIESTA\n                  <\/h2>\n                  <img decoding=\"async\" src=\"https:\/\/vynil.mx\/wp-content\/uploads\/2024\/06\/77de63d05c0fd19d161d3d34d0d861d3-6.png\" alt=\"\" class=\"u-image u-image-default u-image-2\" data-image-width=\"168\" data-image-height=\"355\">\n                  <h2 class=\"u-text u-text-2\">DJ WINNR <\/h2>\n                  <h2 class=\"u-text u-text-3\">Fiesta con el DJ oficial de Guns N' Roses, crew y fans.<br>\n                  <\/h2>\n                  <p class=\"u-text u-text-4\">Invitados especiales.<br>Premio al mejor disfraz de GNR.<br>\n                  <\/p>\n                <\/div>\n              <\/div>\n            <\/div>\n          <\/div>\n        <\/div>\n        <div class=\"u-border-19 u-border-palette-1-base u-line u-line-horizontal u-line-1\"><\/div>\n      <\/div>\n    <\/section>\n    <section class=\"u-clearfix u-section-4\" id=\"block-3\">\n      <div class=\"u-clearfix u-sheet u-sheet-1\">\n        <div class=\"u-container-style u-group u-group-1\">\n          <div class=\"u-container-layout u-valign-middle u-container-layout-1\">\n            <h2 class=\"u-align-center u-text u-text-1\">COMPRA TUS BOLETOS\u200b AQU\u00cd:<\/h2>\n            <a href=\"###\" class=\"u-btn u-button-style u-palette-1-base u-btn-1\">BOLETOS <\/a>\n          <\/div>\n        <\/div>\n        <div class=\"u-border-19 u-border-grey-dark-1 u-line u-line-vertical u-line-1\"><\/div>\n      <\/div>\n    <\/section>\n    <section class=\"u-clearfix u-image u-section-5\" id=\"block-4\" style=\"background-image: url(&quot;https:\/\/vynil.mx\/wp-content\/uploads\/2024\/06\/30d5cc5e0c9641b0bf8e69e0bc3e244e-1.jpeg&quot;);\">\n      <div class=\"u-clearfix u-sheet u-sheet-1\">\n        <img decoding=\"async\" src=\"https:\/\/vynil.mx\/wp-content\/uploads\/2024\/06\/447080a961b1038e3e43eb0b361534a6-1.png\" alt=\"\" class=\"u-image u-image-default u-image-1\" data-image-width=\"168\" data-image-height=\"355\">\n        <div class=\"u-container-style u-group u-group-1\">\n          <div class=\"u-container-layout\">\n            <h1 class=\"u-text u-text-body-alt-color u-text-1\">Music = Life<\/h1>\n            <h1 class=\"u-text u-text-palette-4-base u-text-2\">Music = Life<\/h1>\n          <\/div>\n        <\/div><span class=\"u-icon u-icon-circle u-text-palette-1-base u-icon-1\"><svg class=\"u-svg-link\" preserveAspectRatio=\"xMidYMin slice\" viewBox=\"0 0 41.999 41.999\" style=\"undefined\"><use xlink:href=\"#svg-c7fe\"><\/use><\/svg><svg class=\"u-svg-content\" viewBox=\"0 0 41.999 41.999\" x=\"0px\" y=\"0px\" id=\"svg-c7fe\" style=\"enable-background:new 0 0 41.999 41.999;\"><path d=\"M36.068,20.176l-29-20C6.761-0.035,6.363-0.057,6.035,0.114C5.706,0.287,5.5,0.627,5.5,0.999v40  c0,0.372,0.206,0.713,0.535,0.886c0.146,0.076,0.306,0.114,0.465,0.114c0.199,0,0.397-0.06,0.568-0.177l29-20  c0.271-0.187,0.432-0.494,0.432-0.823S36.338,20.363,36.068,20.176z\"><\/path><\/svg><\/span>\n      <\/div>\n    <\/section>\n    <section class=\"u-clearfix u-section-6\" id=\"block-5\">\n      <div class=\"u-clearfix u-sheet u-valign-middle-xl u-sheet-1\">\n        <div class=\"data-layout-selected u-clearfix u-expanded-width u-layout-wrap u-layout-wrap-1\">\n          <div class=\"u-layout\">\n            <div class=\"u-layout-row\">\n              <div class=\"u-size-30 u-size-60-md\">\n                <div class=\"u-layout-col\">\n                  <div class=\"u-container-style u-image u-layout-cell u-right-cell u-size-30 u-image-1\" data-image-width=\"853\" data-image-height=\"1280\" style=\"background-image: url(&quot;https:\/\/vynil.mx\/wp-content\/uploads\/2026\/02\/photo-1588532218970-c2cab983746a.jpeg&quot;);\">\n                    <div class=\"u-container-layout\"><span class=\"u-icon u-icon-circle u-text-palette-1-base u-icon-1\"><svg class=\"u-svg-link\" preserveAspectRatio=\"xMidYMin slice\" viewBox=\"0 0 41.999 41.999\" style=\"undefined\"><use xlink:href=\"#svg-4b69\"><\/use><\/svg><svg class=\"u-svg-content\" viewBox=\"0 0 41.999 41.999\" x=\"0px\" y=\"0px\" id=\"svg-4b69\" style=\"enable-background:new 0 0 41.999 41.999;\"><path d=\"M36.068,20.176l-29-20C6.761-0.035,6.363-0.057,6.035,0.114C5.706,0.287,5.5,0.627,5.5,0.999v40  c0,0.372,0.206,0.713,0.535,0.886c0.146,0.076,0.306,0.114,0.465,0.114c0.199,0,0.397-0.06,0.568-0.177l29-20  c0.271-0.187,0.432-0.494,0.432-0.823S36.338,20.363,36.068,20.176z\"><\/path><\/svg><\/span><span class=\"u-icon u-icon-circle u-text-palette-1-base u-icon-2\"><svg class=\"u-svg-link\" preserveAspectRatio=\"xMidYMin slice\" viewBox=\"0 0 353.562 353.562\" style=\"undefined\"><use xlink:href=\"#svg-ecac\"><\/use><\/svg><svg class=\"u-svg-content\" viewBox=\"0 0 353.562 353.562\" x=\"0px\" y=\"0px\" id=\"svg-ecac\" style=\"enable-background:new 0 0 353.562 353.562;\"><g><g><g><path d=\"M41.064,353.562h109.014V0H41.064V353.562z\"><\/path>\n<\/g><g><path d=\"M203.482,0v353.562h109.017V0H203.482z\"><\/path>\n<\/g>\n<\/g>\n<\/g><\/svg><\/span>\n                    <\/div>\n                  <\/div>\n                  <div class=\"u-container-style u-layout-cell u-palette-1-base u-right-cell u-size-30 u-layout-cell-2\">\n                    <div class=\"u-container-layout\">\n                      <h2 class=\"u-text u-text-1\">Ruido Bien Hecho<br>\n                      <\/h2>\n                    <\/div>\n                  <\/div>\n                <\/div>\n              <\/div>\n              <div class=\"u-size-10 u-size-30-md\">\n                <div class=\"u-layout-row\">\n                  <div class=\"u-align-right-sm u-align-right-xs u-black u-container-style u-layout-cell u-size-60 u-layout-cell-3\">\n                    <div class=\"u-container-layout\">\n                      <div class=\"u-border-19 u-border-palette-1-base u-line u-line-horizontal u-line-1\"><\/div>\n                      <img decoding=\"async\" class=\"u-expanded-width-lg u-image u-image-2\" src=\"https:\/\/vynil.mx\/wp-content\/uploads\/2024\/06\/77de63d05c0fd19d161d3d34d0d861d3-6.png\">\n                    <\/div>\n                  <\/div>\n                <\/div>\n              <\/div>\n              <div class=\"u-size-20 u-size-30-md\">\n                <div class=\"u-layout-row\">\n                  <div class=\"u-container-style u-hidden-sm u-hidden-xs u-layout-cell u-left-cell u-size-60 u-layout-cell-4\">\n                    <div class=\"u-container-layout\">\n                      <div class=\"u-black u-expanded-width u-shape u-shape-rectangle u-shape-1\"><\/div>\n                      <p class=\"u-text u-text-body-alt-color u-text-2\"> Somos una tienda f\u00edsica y en l\u00ednea dedicada a los amantes del rock y la electr\u00f3nica, a quienes buscan sonido crudo, atm\u00f3sferas profundas y discos que se sienten, no solo se oyen.<br>\n                        <br>Curamos cada disco pensando en calidad, cultura y car\u00e1cter, cada t\u00edtulo en Vynil tiene una raz\u00f3n de estar aqu\u00ed.<br>\n                      <\/p>\n                      <h2 class=\"u-text u-text-3\"> La experiencia Vynil<\/h2>\n                      <p class=\"u-text u-text-4\"> El vinilo es ritual: <br> Sonido c\u00e1lido y profundo, portadas que son arte, escucha consciente, sin prisas.<br>Colecci\u00f3n que gana valor con el tiempo, porque darle play no es lo mismo que poner un disco.&nbsp;\n                      <\/p>\n                    <\/div>\n                  <\/div>\n                <\/div>\n              <\/div>\n            <\/div>\n          <\/div>\n        <\/div>\n      <\/div>\n    <\/section>\n    <section class=\"u-clearfix u-image u-section-7\" id=\"block-6\" style=\"background-image: url(&quot;https:\/\/vynil.mx\/wp-content\/uploads\/2024\/06\/887f224c809cb12da865abb941bf4ac0-1.jpeg&quot;);\">\n      <div class=\"u-clearfix u-sheet u-sheet-1\">\n        <div class=\"u-container-style u-expanded-width u-group u-group-1\">\n          <div class=\"u-container-layout\">\n            <h1 class=\"u-align-center u-text u-text-1\">Donde la m\u00fasica gira<br>a 33 y 45 rpm \n            <\/h1><span class=\"u-icon u-icon-circle u-text-palette-4-base u-icon-1\"><svg class=\"u-svg-link\" preserveAspectRatio=\"xMidYMin slice\" viewBox=\"0 0 41.999 41.999\" style=\"undefined\"><use xlink:href=\"#svg-fae0\"><\/use><\/svg><svg class=\"u-svg-content\" viewBox=\"0 0 41.999 41.999\" x=\"0px\" y=\"0px\" id=\"svg-fae0\" style=\"enable-background:new 0 0 41.999 41.999;\"><path d=\"M36.068,20.176l-29-20C6.761-0.035,6.363-0.057,6.035,0.114C5.706,0.287,5.5,0.627,5.5,0.999v40  c0,0.372,0.206,0.713,0.535,0.886c0.146,0.076,0.306,0.114,0.465,0.114c0.199,0,0.397-0.06,0.568-0.177l29-20  c0.271-0.187,0.432-0.494,0.432-0.823S36.338,20.363,36.068,20.176z\"><\/path><\/svg><\/span>\n            <p class=\"u-align-center u-text u-text-2\"> Amamos el ruido, la distorsi\u00f3n, el pulso repetitivo.<br> El rock que rompe.<br> La electr\u00f3nica que no pide permiso.\n            <\/p>\n            <div class=\"u-border-19 u-border-palette-4-base u-line u-line-horizontal u-line-1\"><\/div>\n          <\/div>\n        <\/div>\n        <img decoding=\"async\" src=\"https:\/\/vynil.mx\/wp-content\/uploads\/2024\/06\/519e39fa3bc45f03ca3794d6722fb637-1.png\" alt=\"\" class=\"u-image u-image-default u-image-1\" data-image-width=\"168\" data-image-height=\"355\">\n      <\/div>\n    <\/section>\n    \n    \n    \n    \n  \n<\/div>","protected":false},"excerpt":{"rendered":"<p>VYNIL Vivimos la m\u00fasica como debe escucharse Marzo\/Abril, 2026 Ignacio Allende 916, Zona Centro Saltillo, Coahuila Donde el vinilo no es moda, es experiencia. PRE-FIESTA DJ WINNR Fiesta con el DJ oficial de Guns N&#8217; Roses, crew y fans. Invitados especiales.Premio al mejor disfraz de GNR. COMPRA TUS BOLETOS\u200b AQU\u00cd: BOLETOS Music = Life Music [&hellip;]<\/p>\n","protected":false},"author":1,"featured_media":0,"parent":0,"menu_order":0,"comment_status":"closed","ping_status":"closed","template":"","meta":{"footnotes":""},"class_list":["post-68","page","type-page","status-publish","hentry"],"_links":{"self":[{"href":"https:\/\/vynil.mx\/index.php\/wp-json\/wp\/v2\/pages\/68","targetHints":{"allow":["GET"]}}],"collection":[{"href":"https:\/\/vynil.mx\/index.php\/wp-json\/wp\/v2\/pages"}],"about":[{"href":"https:\/\/vynil.mx\/index.php\/wp-json\/wp\/v2\/types\/page"}],"author":[{"embeddable":true,"href":"https:\/\/vynil.mx\/index.php\/wp-json\/wp\/v2\/users\/1"}],"replies":[{"embeddable":true,"href":"https:\/\/vynil.mx\/index.php\/wp-json\/wp\/v2\/comments?post=68"}],"version-history":[{"count":4,"href":"https:\/\/vynil.mx\/index.php\/wp-json\/wp\/v2\/pages\/68\/revisions"}],"predecessor-version":[{"id":87,"href":"https:\/\/vynil.mx\/index.php\/wp-json\/wp\/v2\/pages\/68\/revisions\/87"}],"wp:attachment":[{"href":"https:\/\/vynil.mx\/index.php\/wp-json\/wp\/v2\/media?parent=68"}],"curies":[{"name":"wp","href":"https:\/\/api.w.org\/{rel}","templated":true}]}}